 = 147*i - 616. Calculate the remainder when i is divided by 52.
50
Suppose 0*v + 120 = 5*v. Suppose -5*t + 3 + 7 = 0. Suppose 3*q + 42 = 3*k, -t*q = -4*k - 19 + 73. Calculate the remainder when v is divided by k.
11
Suppose 3*t + 3 = 9. Suppose 9 = -t*j + 5*x, -5*x + 4*x = -5*j + 12. What is the remainder when (-85)/(-10)*(-1 + j) is divided by 9?
8
Let j = -17 - -11. Let n be ((-10)/(-8))/(j/48). Let u = n - -23. What is the remainder when u is divided by 7?
6
Let f be 9/(-4)*32/(-24). What is the remainder when 46 is divided by 13 - -3 - (1 + f)?
10
Suppose -4*m = 2*v - 386, -2*v - 2*v = 12. Suppose 0 = 3*s + 3*d - 91 + 25, 5*s = d + m. What is the remainder when 76 is divided by s?
16
Suppose -40*b - 116 = -42*b. Calculate the remainder when 521 is divided by b.
57
Calculate the remainder when 77 is divided by -80*((-27)/6 + 4).
37
Let d be ((-18)/(-15))/3 - 254/10. Calculate the remainder when 71 is divided by (10/d)/((-4)/370).
34
Let n(o) = -o - 1. Let g be n(2). Let d be (-3 - (1 + -4))/g. Suppose -2*s + 3*m - 13 = -52, d = -m + 1. What is the remainder when 61 is divided by s?
19
Let p = 69 + -87. Let s = 36 + -18. What is the remainder when 46 is divided by 96/p*s/(-4)?
22
Calculate the remainder when (5 + (0 - 4)*1)*409 is divided by 12.
1
Suppose 0*v = -v + 29. Let r = v + -26. Let m(j) = 6*j + 9. Calculate the remainder when m(r) is divided by 11.
5
Let v = -110 - -39. Let b = v - -152. Suppose -12 = 3*j - b. What is the remainder when 68 is divided by j?
22
Let u(f) = -17 + f**2 - 16*f + 7*f + 21*f. Let d be (-9)/(-2)*(-20)/6. Calculate the remainder when u(d) is divided by 15.
13
Calculate the remainder when 185 is divided by 9 - (-87 - (-4 + -6)).
13
Let x(k) = 10*k**2 + 25*k + 4*k**3 - 3*k**3 - 12*k - 4*k - 10. Calculate the remainder when 227 is divided by x(-8).
43
Suppose 0 = 4*r - 2*t - 88, -4*t = 2*r - 3*t - 44. Let x = 861 - 854. What is the remainder when r is divided by x?
1
Suppose -12*o - 8 = -11*o. What is the remainder when 29 is divided by ((-12)/o)/((-6)/(-40))?
9
Let y(h) = -2 - 7 + h + 0 - 2*h. Let v be y(-8). What is the remainder when (v + 6/4)*28 is divided by 5?
4
Suppose 54*z = 47*z + 56. What is the remainder when 95 is divided by z?
7
Let n = -669 + 695. Suppose 4*s - p = 26, -4*s - 3*p + 10 = -8. What is the remainder when n is divided by s?
2
Let p = -2119 - -2153. What is the remainder when 247 is divided by p?
9
Let w = -30 - -26. Let k(m) = m + 16. Calculate the remainder when 35 is divided by k(w).
11
Let b = -645 + 927. What is the remainder when b/5 - 38/95 is divided by 15?
11
Suppose 5*u - 256 = u. Suppose 4*c + q = u + 196, 4*q + 260 = 4*c. What is the remainder when c is divided by 0 + -1 + 21 + -3?
14
Let p be (70/(-15) - -5)/(1/12). What is the remainder when ((-960)/(-6))/p - -2 is divided by ((-4)/1)/(6/(-33))?
20
Let z be (-1 - -2)*27/9. Suppose 4*i + z*p - 37 = -2*p, -68 = -5*i + p. Calculate the remainder when 22 - (-4 + (-2 - -5))*0 is divided by i.
9
Let p(t) be the first derivative of -t**2/2 + 8*t + 12. What is the remainder when 44 is divided by p(3)?
4
Let h = 404 - 393. Calculate the remainder when 516 is divided by h.
10
Let l(x) = x**3 - 18*x**2 - 29*x - 46. What is the remainder when l(20) is divided by 60?
54
Let r = -28 - -42. Let n = -9 - r. Let w = 40 + n. What is the remainder when w is divided by 6?
5
Let k = 92 - -7. What is the remainder when 294 is divided by k?
96
Let k(l) = l**3 - 2*l**2 - l - 3. Suppose -34*z + 38*z - 4 = 0. Calculate the remainder when k(4) is divided by z*((-6)/(-1) + 3).
7
What is the remainder when 3/(-2)*(-5 - -6)*-58 is divided by 6?
3
Suppose -800 = -50*v + 40*v. What is the remainder when v is divided by 13?
2
Let a(z) be the second derivative of -2*z**3/3 + 28*z**2 - 3*z + 4. Calculate the remainder when a(11) is divided by 1*8*(0 + 1).
4
Let n(t) = 15 + 12 - 53 - 2*t. Let k be n(-11). Calculate the remainder when 1/k + 1677/52 is divided by 12.
8
Let b = 2737 - 1659. Calculate the remainder when b is divided by 36.
34
Let y = -400 - -431. What is the remainder when y is divided by 9?
4
Let z(b) = -13*b - 7 + b**3 + 15*b + 2 - 6*b**2. What is the remainder when z(6) is divided by 3?
1
Let o(x) = -9*x + 1. Let b be o(-3). Let q = -24 + b. Calculate the remainder when -38*(q/(-8) - 1) is divided by 30.
27
Let n be 56/(-9) - 8/(-36). Let k = n - -25. What is the remainder when 35 is divided by k?
16
Suppose -3*a - 2*a + 10 = 0. Suppose -a*i = n - 83, -163 = -4*i - 0*n + n. Calculate the remainder when i is divided by 11.
8
Let h(x) = 43*x - 574. What is the remainder when 138 is divided by h(14)?
26
Let u be 0 + -10 + 2 + -1. Let w = u - -9. Suppose w = x - 5, 5*g - 2*x - 140 = 3*x. Calculate the remainder when g is divided by 7.
5
Suppose 0 = 33*d - 52*d + 950. Calculate the remainder when 192 is divided by d.
42
Suppose 8*i + 5*i + 988 = 0. Let r = i + 83. What is the remainder when 46 is divided by r?
4
Let g(u) = 9*u - 2. Let a be g(-5). Let m = 167 + a. Suppose 8*h - m = 3*h. Calculate the remainder when h is divided by 13.
11
Suppose 0 = 2*f - 4*i - 180, -17*i + 327 = 4*f - 14*i. What is the remainder when 1091 is divided by f?
83
Suppose 0*a - 12 = -2*b - 2*a, 3*b = 3*a + 48. Calculate the remainder when 316 is divided by b.
8
Suppose 5*j = -n + 7 + 9, n - 5*j = 26. Suppose 0 = x - 2*y - n, x - 3*x + 2*y = -46. Let m = 38 - x. Calculate the remainder when m is divided by 5.
3
Let g be (-42)/15*(1 + -6)*1. Suppose 4*q - 62 - 10 = 0. Calculate the remainder when 30/(-210) - (-1220)/g is divided by q.
15
Suppose -3*b + 2*b + 27 = 0. Suppose -b = -2*l + 19. Calculate the remainder when 112 is divided by l.
20
Let f = -91 - -31. What is the remainder when (-1)/(-3) - 105/(-9) is divided by (f/9)/(-4)*3?
2
Let n(o) = 3*o**2 + 9*o + 12. What is the remainder when n(-5) is divided by 15?
12
Let m(u) = 2*u**2 - 56. Let f be m(0). Let r = 58 + f. Calculate the remainder when 10 is divided by r.
0
Suppose 170*j - 167*j = h - 15, 0 = 5*h + j - 107. Calculate the remainder when 103 is divided by h.
19
Let i = 556 - 524. What is the remainder when i is divided by 26?
6
Suppose 635*l - 631*l - 448 = 0. Calculate the remainder when l is divided by 25.
12
Suppose 3*t - f - 96 = 2*f, 3*f - 16 = -t. Let v = 9 - 3. Suppose -v*l + l - 25 = 0, 5*w - 5*l = 105. What is the remainder when t is divided by w?
12
Suppose -d + 26 = -35. Let t = 1155 + -1139. Calculate the remainder when d is divided by t.
13
Let m = 21 + -8. Let h = m - 7. Calculate the remainder when ((-72)/(-15))/((-6)/(-20)) is divided by h.
4
Let n(a) = a - 12. Let h be n(14). What is the remainder when 106 is divided by 5/h*(-12)/(-10) + 19?
18
Suppose -y - 2*d = -155, y - 22 - 141 = 2*d. Calculate the remainder when y is divided by 20.
19
Let v(l) = 72*l + 3. Let x be ((-8)/(-24))/(3/9). What is the remainder when v(x) is divided by 11?
9
Let x(t) = 2*t**2 + 4*t - 6. Let f(j) = 3*j + 14. Let v be f(-6). Let y be x(v). Suppose 0 = y*o - 7*o - 36. Calculate the remainder when 35 is divided by o.
11
Suppose -w = -6 + 1, 3*b + 3*w = 75. Let p = b - 18. Calculate the remainder when 6 is divided by p.
0
Let z = -1956 - -2942. Calculate the remainder when z is divided by 32.
26
Let q(i) = 7*i + 202. Calculate the remainder when 199 is divided by q(-16).
19
Let j = -169 - -211. What is the remainder when 127 is divided by j?
1
Let j be (-1)/(-3) - 56/(-12). Let o = 15 + j. Calculate the remainder when o is divided by 25/10*(-14)/(-5).
6
Let x(u) = u + 318. What is the remainder when x(22) is divided by 31?
30
Let q = -418 + 906. What is the remainder when q is divided by 35?
33
Let u(m) = -5*m + 3*m + 0*m + 9. Let p(k) = 5*k**2 + 11*k - 6. Calculate the remainder when p(4) is divided by u(-3).
13
Let f = 23 - 13. Suppose -2*j - 36 - 12 = 0. Let z = j + 60. Calculate the remainder when z is divided by f.
6
Suppose -48 = -j - 4. Let s = j + -24. What is the remainder when s is divided by 11?
9
Suppose -2*h + 96 = 2*h. Let b = 326 + -191. Suppose -13*i + b = -10*i. Calculate the remainder when i is divided by h.
21
Let m = -1437 - -1901. What is the remainder when m is divided by 93?
92
Suppose -d + 78 = f, 2*d + d = 3*f + 252. What is the remainder when d is divided by 41?
40
Let o = -120 + 84.